
4
Let n(k) = -k**3 + 5*k - 7. Let y be n(-3). Suppose 8 = y*m - 3*m. Suppose 0 = 2*q - 4*q - 8, -m*i + 2*q = -296. What is the tens digit of i?
7
Suppose -8*q - 60 = -508. Suppose 8*h - q = 7*h. Suppose 3*y - 5*b = 186, -2*y + 52 + h = 2*b. What is the tens digit of y?
5
Let y(m) = -7*m**2 - 39*m - 9. Let k be y(-4). What is the thousands digit of 1/(-2)*(k + -2101)?
1
Let u = 1809 - -287. Let v = u - 1434. What is the units digit of v?
2
Let b = 30 + -27. Suppose -r + 4*c = -23, r + b*c - 18 = 6*c. Suppose r*q + 57 = 4*q. What is the tens digit of q?
5
Let n(z) = z**2 + 2*z - 4. Let g(s) = s**2 + 2*s - 3. Let q(k) = -6*k + 8. Let a be q(2). Let t(f) = a*n(f) + 5*g(f). What is the tens digit of t(5)?
3
Let c = 5624 - 748. What is the tens digit of 612/63 - 10 - c/(-14)?
4
Let t = 41247 - 23289. What is the hundreds digit of t?
9
Let s be 2 + (0 + 8/(-20))*5. Suppose 5*v + s + 10 = 0. What is the tens digit of (-15*(-6)/(-54))/(v/18)?
1
Let t = 22164 + -14342. What is the hundreds digit of t?
8
Let u = -13029 - -23077. What is the thousands digit of u?
0
Let l be (-204)/(-374) + 3 + 10/22. Suppose l*f - 2*f + 3*g = 528, -5*f + 1362 = -3*g. What is the units digit of f?
0
What is the tens digit of 15/6*419376/40?
1
Suppose -9*g + 22 = 58. What is the hundreds digit of (-859)/(-5) - -1 - g/20?
1
Let o(i) = 3*i - 13. Suppose l - m - 9 = 0, -5*m - 6 = -3*l + 29. Let y be o(l). What is the hundreds digit of ((-333)/6)/((-1)/y)?
1
Suppose -4*v = o - 14495, 58088 = 29*o - 25*o - 2*v. What is the tens digit of o?
1
Let t(y) = 63821*y**2 - 29*y + 27. What is the thousands digit of t(1)?
3
Let y = -6136 + 11806. What is the hundreds digit of y?
6
Suppose -1003 = 17*p - 0*p. Let s = p - -63. Suppose -635 + 51 = -s*w. What is the units digit of w?
6
Suppose 5*x + o = 2*o - 3110, x + 3*o + 606 = 0. Let d = x - -210. Let j = -177 - d. What is the units digit of j?
4
Suppose 344 - 22 = 23*m. Suppose -4*v - m*r + 18*r + 1404 = 0, 5*v + r - 1779 = 0. What is the units digit of v?
5
Suppose -131 + 5 = -6*i. Suppose -i*p + 32*p - 6534 = 0. What is the tens digit of p?
9
Suppose -8*r + 2287 = -2225. Let q = -414 + r. What is the units digit of q?
0
Let y(k) = -636*k**3 + 6*k**2 - 8*k. Let c(s) = -1272*s**3 + 12*s**2 - 16*s - 1. Let n(x) = 3*c(x) - 7*y(x). What is the tens digit of n(1)?
3
Suppose 0 = -3*b + 2*z - 4*z + 2, 0 = -5*b + 2*z + 30. Suppose 0 = 5*q + 5*x - 55, -b*q + 7 = x - 22. What is the units digit of (q + -1 - 4)*13?
3
Suppose z = 53*f - 55*f + 72996, -146016 = -4*f - 5*z. What is the ten thousands digit of f?
3
Let g(f) = -33*f**2 + 102*f - 210*f - f**3 + 128*f - 20. What is the hundreds digit of g(-34)?
4
Let g be (-27)/((-153)/126 + (-4)/14). Suppose 0 = 8*y - 14 - g. Let o(n) = 9*n**2 - n - 14. What is the units digit of o(y)?
6
Suppose 0 = 4*q - k - 46139, 3*q + 2*k = 22687 + 11931. What is the units digit of q?
6
Let r(x) = 6*x**2 + 19*x + 16. Suppose 186 = -29*c - 249. What is the tens digit of r(c)?
8
Suppose -3*o - 62634 = -36*o. Let w = o + -1120. What is the tens digit of w?
7
What is the tens digit of 237223/14 + 4 + (-30)/12 + 1?
4
What is the hundreds digit of 4/42 - (-4794951)/441?
8
Suppose 0 = g - 11*n + 6*n - 31606, 0 = -7*g + 3*n + 221274. What is the hundreds digit of g?
6
Let c be 0*(-1)/(-1)*-1. Suppose 4*k - 15 = 5*q, 4*q + 0 = 2*k - 6. Suppose 4*b = k*l + 159, -b + c*l + 66 = 4*l. What is the units digit of b?
6
Suppose -3255 - 1395 = -31*h. What is the tens digit of h/(-125) + 16502/10?
4
Let k(z) = -12*z**2 + 26*z**2 - 14*z**2 + 16 - z**3 - z. Let g be k(0). Let r(w) = -w**3 + 16*w**2 + w + 2. What is the units digit of r(g)?
8
Let z(h) be the first derivative of 55*h**2/2 + 29*h + 38. What is the hundreds digit of z(5)?
3
Suppose -9*l + 6*l = 4*j - 65689, -43795 = -2*l - 3*j. What is the ten thousands digit of l?
2
Let y be (-3 + 108/8)/((-1)/74). Let c = y - -1192. What is the hundreds digit of c?
4
Let a = -8370 + 24060. What is the hundreds digit of a?
6
What is the thousands digit of -4 + ((-77)/28)/(7/(-22316))?
8
Suppose 5*j = 45*l - 48*l + 28273, 7 = -j. What is the units digit of l?
6
Let q(d) = -32*d + 12. Suppose 9*i - 10*i = 13. What is the tens digit of q(i)?
2
Suppose 0 = 5*o - 65 + 50. What is the tens digit of (1496 - -10) + (4 - o) - -2?
0
Let k be (-2 + 6)/(4/2). Suppose 8 = 6*s + k. Let g(j) = 57*j**2 - j + 1. What is the tens digit of g(s)?
5
Suppose 5*h - 120 = 2*h. Let o = -71 + h. What is the units digit of (-3)/4*(-1 + 5) - o?
8
Let y be 150/35 + 18/(-14) + 1. Suppose w + 1 - y = 0. Suppose -3*l - w*l + 798 = 0. What is the tens digit of l?
3
Let s be ((-6)/9)/((32/(-792))/2). Suppose s*g - 77*g = -6996. What is the hundreds digit of g?
1
Suppose -71*j + 31585269 = 330*j + 8583909. What is the thousands digit of j?
7
Let a(u) = -16*u - 328. Let t be a(-27). Suppose 219 = 2*g - 3*x, g + 5*x - t = x. What is the hundreds digit of g?
1
Let n be (1 + 1)/(-2) - (-12 - -515). What is the units digit of (-4)/(-9) - 626248/n?
3
Let i(c) = 1287*c + 1288. What is the tens digit of i(4)?
3
Suppose q = -b + 5*b - 3, 4*q = 5*b + 10. Suppose h - s + b = -2*s, 0 = 2*h - 2*s - 16. Suppose 0 = h*u - 7*u + 156. What is the units digit of u?
9
Let m(g) = g**3 + 22*g**2 - 4*g + 7. Let z be m(-10). Let p = z + -752. What is the units digit of p?
5
Suppose -a = l - 14563, 261*l - 257*l - 58189 = 5*a. What is the units digit of l?
6
Suppose -2*b - 17*b + 0*b = 0. What is the hundreds digit of -2 + -1*(-1401 - b)?
3
Let m(g) = -2*g**3 - 3*g**2 - 2*g + 6. Let x be m(-6). Let p = x + -173. What is the units digit of p?
9
Suppose 22*j = 14*j. Suppose j = -36*f + 20 + 4948. What is the tens digit of f?
3
Suppose 4*l - 3540 + 6469 = v, -2*v = 3*l - 5836. What is the tens digit of v?
2
Let p = 286 + -411. Let u = p - -900. What is the tens digit of u?
7
Suppose 1162 = -4*w - r, -8*w + 10*w + 584 = r. Let k = 525 + -112. Let j = k + w. What is the tens digit of j?
2
Suppose -477 = -3*n + z + 117, 389 = 2*n - 3*z. Suppose -5*a + 4*c + 1078 = 0, 2*a - 3*c - n = 235. What is the units digit of a?
4
What is the thousands digit of (1746/27*1)/((-4)/(-126))?
2
What is the hundreds digit of (4 + -957)*(-2 + (-68)/4)?
1
Let h(g) = 13*g**2 + 458*g + 370. What is the tens digit of h(-76)?
5
Suppose 9*r - 12*r = -12. Suppose -5*b = 3*h - 129, b + 204 = r*h - 3*b. What is the hundreds digit of 40/12*h/1?
1
What is the units digit of 7940 + (3 - -1) + -4 + -2 + 6?
4
Let h(i) = 11*i - 1. Let w be h(1). Let s(l) be the first derivative of l**4/4 - 7*l**3/3 - 5*l**2/2 - 4*l - 903. What is the units digit of s(w)?
6
Let q = -131 + 157. Suppose 9*n = q*n - 6885. What is the hundreds digit of n?
4
Let w be (-16)/(-72) + 212/18. Suppose -6*o + o + t + w = 0, -2*t - 6 = -o. What is the units digit of o?
2
Suppose 0 = -5*j + 20, 0 = -c - 2*j + 4*j - 8. Suppose -8*o + 5033 + 1935 = c. What is the units digit of o?
1
What is the tens digit of ((-729468)/90)/(-23)*95?
7
Let o(k) = k**2 + 16*k - 7. Let g be o(-14). Suppose -4*r + 288 = 4*a, 3*a - 5*a = r - 146. Let v = a + g. What is the tens digit of v?
3
Let z(j) = -j**3 + 20*j**2 - 17*j - 41. Let m be z(19). What is the units digit of 4/3 + -159*m/27?
9
Let b(t) = -3*t**3 + 40*t**2 - 11*t - 26. Let c be b(13). Suppose -3*f + 756 = 2*n - 4*f, -3*n + 3*f + 1131 = c. What is the tens digit of n?
7
Let x(u) = 150 + 0*u + 3*u - 70 + 7*u**2. What is the thousands digit of x(-13)?
1
What is the hundreds digit of 62/248 - 9435/(-4)?
3
Let i be 24/(-204) - 8436/(-34). Suppose -6*l + i = -2*l. What is the tens digit of l?
6
What is the ten thousands digit of (-1 + -27478)*-1*(-4 - -5)?
2
Let d(v) = v**3 + 24*v**2 - 7*v + 34506. What is the tens digit of d(0)?
0
Suppose -s - 8 = 2*k - 166, 2*s = 4*k + 276. Let z be s/3*-1 + 8/(-12). What is the tens digit of ((-38)/(-4))/((-5)/z)?
9
Suppose 97*t = -12*t - 66*t + 10890775. What is the hundreds digit of t?
2
Suppose -1009*a = -1043*a + 90202. What is the hundreds digit of a?
6
Suppose 0 = 2*r - q + 42, 3*q = -0*q + 6. Let m be (146/4 - 16)*-20. What is the units digit of m/4*24/r?
3
Suppose 4*s + 62*m - 67*m - 69989 = 0, 0 = -s + 5*m + 17501. What is the hundreds digit of s?
4
Suppose -31*a = -29*a - 8. Suppose 0*i - i = 4*c - 22, -4*i + 5*c + a = 0. Suppose i